Let f(p) = -p + 3 + 0 - 1 - 1. Let u = 617 - 621. Give f(u).
5
Let f = -2 + 6. Let y be -1 + -1 - f/(-4). Let h(q) be the first derivative of q**3/3 - q**2/2 - 48. What is h(y)?
2
Suppose -21 = 4*r + w + 15, -5*w + 36 = -4*r. Let u = -11 - r. Let j(p) = p**3 + p**2 - 2*p - 3. What is j(u)?
-3
Let b(s) be the third derivative of s**6/120 - s**5/20 + 5*s**4/24 - 2*s**3/3 + 19*s**2. What is b(3)?
11
Let k(f) be the first derivative of -7*f**2/2 + 46*f - 30. Let q be k(7). Let b(l) = l**3 + 3*l**2 + 3. Determine b(q).
3
Let y(k) = k**2 + k. Let g(l) = 11*l**2 + 8*l - 1. Suppose 0 = 2*s + 4, 5*r - s = 4*r - 4. Let b(c) = r*y(c) + g(c). Determine b(1).
6
Let u = 925 + -928. Let o(w) = w**3 + w**2 - 11*w - 11. Give o(u).
4
Suppose 7*m = 6*m + 2. Let s(g) = 0*g**2 + 3*g + m*g**2 - 3*g + 4*g. What is s(-3)?
6
Suppose -3*q - 2*p - 8 = 0, 5*q - 2*p + 28 = 2*p. Let w = 9 + -4. Let k(u) = 0*u**2 + u**2 - 2*u**2 - w*u. Determine k(q).
4
Let a(w) = 3644*w**3 - 15 + 7*w**2 + w + 6*w + 6*w - 4*w - 3645*w**3. Calculate a(8).
-7
Let g(p) = -p**3 + 5*p**2 + 14*p - 6. Let b(m) = 32*m + 135. Let t be b(-4). What is g(t)?
-6
Let s(d) = -6*d - 1. Let x(u) = 2*u**2 - 14*u + 8. Let f be x(6). Let a(k) = 2*k**2 - 3*k + 3. Let c be a(2). Let t = c + f. Determine s(t).
-7
Suppose 0 = 105*s - 182*s - 462. Let w(c) be the first derivative of c**4/4 + 5*c**3/3 - 3*c**2 + 7*c - 2. Calculate w(s).
7
Suppose 0 = 4*n + h + 23 - 15, n + 9 = -2*h. Let y(s) = -10*s**2 + 2*s - 2. Let d(l) = 51*l**2 - 11*l + 11. Let r(w) = -2*d(w) - 11*y(w). What is r(n)?
8
Let s(o) = -o**2 + 2*o + 5. Let q(n) = -n**3 + n - 1. Let i(r) = 2*q(r) + s(r). Suppose 7*b = -43*b - 100. What is i(b)?
7
Let q(w) = -13*w**2 + 5. Let a(i) = -42*i**2 - i + 16. Let s(r) = -4*a(r) + 13*q(r). Determine s(4).
1
Let r(p) be the second derivative of -p**3/6 - 17*p**2/2 + 227*p. Give r(-9).
-8
Let h be 7 + -11 + 2 - (2 - 1). Let r(f) = 3*f + 16 - f - 6. Let c be r(h). Let i(n) = n**3 - 3*n**2 - 6*n + 1. Calculate i(c).
-7
Let g(i) = -189*i**2 - i**3 + 2*i + 376*i**2 - 186*i**2 + 2. Let z = -6 + 4. Calculate g(z).
10
Let z(x) = 2*x**2 - x + 2. Suppose y - 7 = -j, -2*j + 3*y - 6 + 0 = 0. Give z(j).
17
Let v(s) = -30 - 34 + 3*s + 99 - 30. Give v(5).
20
Suppose 4*f + 14*f = -18. Let m(h) = -15*h**3 - h**2 + h + 1. Calculate m(f).
14
Let o be (-2)/(-9) - 141/27. Let k be (-6)/(-4)*(-20)/(-15). Let w(g) = 3 - k + g**3 + 5*g**2 + g - 3. Calculate w(o).
-7
Let r(h) be the second derivative of -h**3/6 + 4*h. Let x be r(0). Suppose -2*y + 4*a = -20, x*y + 4*a - 4 = -4*y. Let t(m) = 3*m + 1. Determine t(y).
13
Suppose -2 = 3*a + 58. Let v = a - -17. Let t(s) = 2*s**2 + 5*s + s**2 + 4 - 2*s**2. Determine t(v).
-2
Let q(u) = 3*u + 37 + 7*u - 36. Give q(-1).
-9
Let f = -12 + 12. Let c(d) = -3 - d + 0 + f. Let j be 2 - 9/((-27)/6). What is c(j)?
-7
Let c(a) = -2*a - 7. Suppose 76*l - 75*l = -4. Give c(l).
1
Let u(p) = 4*p + 10 - 5*p + 2*p. Let t(o) = 2*o + 2. Let l be t(9). Suppose -l*k = -24*k. Give u(k).
10
Let b(z) = -z**3 + 3*z**2 - 4*z + 1. Let l(c) = -c**2 + 7*c - 6. Let g be l(5). Suppose 4*v - 2 - 2 = 0. Suppose -4*o = -8, -4*h + g*o + v = -h. Determine b(h).
-11
Let k(b) = b**3 + 21*b**2 + 27*b + 20. Let t(n) = 3*n**3 + 62*n**2 + 79*n + 60. Let j(r) = -17*k(r) + 6*t(r). What is j(-14)?
6
Let q(v) be the first derivative of -v**4/2 - v**3/3 + v**2/2 - 1. Let z = 87 - 82. Suppose -z*k = -2*y - 15, 0*y + y = -2*k - 3. Determine q(k).
-2
Suppose -3*f - 32 = -7*f. Suppose -4*v + f = 4*p, 0*v + 4*p - 14 = -v. Let y be v/(-1*(-2)/(-3)). Let i(u) = u**3 - 2*u**2 - 5*u + 4. Determine i(y).
-2
Let c(j) = 6*j - 1. Let b = -16 + 20. Suppose -b*y = -2 - 6. Suppose 5*l + 9 = -g - 7, g - y*l - 5 = 0. Calculate c(g).
-7
Let a(o) = o**2 + 1 + 5 - 3*o + 2 + 9*o - 4. Determine a(-4).
-4
Let b(f) be the second derivative of -5*f**3/3 - 774*f. Let c be (9/12)/((-2)/(-32)). Suppose g - 2*a + 4 = 0, 4*g - c = g - 2*a. Calculate b(g).
-20
Let v be 105/20 - (-2)/(-8). Suppose 0*o - v = o. Let u(k) = 6*k + 2. Let t(c) = -5*c - 2. Let g(r) = o*t(r) - 4*u(r). Determine g(-6).
-4
Let d(m) = m**3 - 13*m**2 + 37*m - 8. Let x be d(9). Let b(k) = -26*k. Give b(x).
-26
Let k be 1*1*(-2 - -6). Suppose k*p - 4*j + 2*j = 0, -3*j = p. Suppose -7*d + 3*d + 4 = p. Let m(q) = 12*q. What is m(d)?
12
Let w(t) = t + 1. Suppose 0 = r - 5*m - 22, -5*r - 5*m = -2*m + 2. Let s be 0*(-1)/2 - -9. Suppose r*v = -v + s. Give w(v).
4
Let w(z) = 4*z**3 + 10*z**2 + 10*z + 3. Let m = 12 - 19. Let k(g) = g**3 + 3*g**2 + 3*g + 1. Let l(j) = m*k(j) + 2*w(j). Let i = 4 + -6. What is l(i)?
-11
Let p(h) = 3*h**3 - 6*h**2 + h + 7. Let x(w) = -10*w**3 + 18*w**2 - 4*w - 21. Let b = -6 + 13. Let m(f) = b*p(f) + 2*x(f). What is m(6)?
1
Let a(o) = 5*o**2 + 20*o - 3. Let u = 9 - 13. Calculate a(u).
-3
Let y be (-134)/(-12) - 13/78. Let p(l) = -l**2 + 10*l - 16. What is p(y)?
-27
Suppose -5*b = 3*s - 12, -3*b - 28*s = -25*s - 6. Let v(j) = -j**3 + 6*j - 4. Determine v(b).
-13
Let m(j) = 1 + 10554*j + 51*j**2 - 5278*j - 5276*j. Determine m(-1).
52
Let b be 23/46*(31 - 1)/(-3). Let z(m) be the second derivative of -m**4/12 - 4*m**3/3 - 5*m**2/2 + m. Determine z(b).
10
Let r(x) = -x**3 - 2*x + 82 + 10*x - 7*x**2 - 74. Calculate r(-8).
8
Let x = 26 - 22. Suppose -b + 3 + 1 = 0. Let q(p) = -x*p**2 - b + 8*p - p**3 - 5*p + 0*p**2 + 2*p. What is q(-5)?
-4
Suppose 6*t + 11 = 41. Let n be t/(-1)*(-20)/25. Let f(m) = 3*m + 1. Let v(w) = 1. Let k(u) = -f(u) + 2*v(u). Give k(n).
-11
Suppose -2*y + 24 = 5*d - 4*y, 5*d = 3*y + 26. Suppose g = -d*s + 23, 3*s + 4*g - 15 = -1. Let u(n) = -n**2 + 6*n. Determine u(s).
0
Let r be (2/3)/(24/(-540)). Let h(u) = -u**3 - 15*u**2 + 2*u + 18. What is h(r)?
-12
Let s(p) be the first derivative of p**4/4 - 5*p**3/3 + p**2/2 + 2*p - 306. Give s(5).
7
Let s = -36 - -67. Let o = -35 + s. Let y(f) = -2*f**2 + 0 + 4 + 6*f**2 + f**3. Give y(o).
4
Let b(j) = 8*j + 1. Let v(p) = 7*p + 2. Let x(g) = -5*b(g) + 6*v(g). Give x(-6).
-5
Suppose 0 = 2*y + 18. Let t(x) be the second derivative of x**3/3 + 7*x**2/2 - 2001*x. Calculate t(y).
-11
Suppose 318 = -78*r + 786. Let j(y) be the second derivative of y**5/20 - 7*y**4/12 + 4*y**3/3 - 5*y**2/2 + y. What is j(r)?
7
Let d(m) = -m - 16. Let v(w) = w + 22. Let f(g) = -6*d(g) - 5*v(g). Determine f(11).
-3
Suppose -2*n + 18 = n. Let i be (15/n)/(-5) + (-15)/6. Let f(a) = 14*a + 6. Let v(d) = 5*d + 2. Let k(r) = -6*f(r) + 17*v(r). Calculate k(i).
-5
Let a(d) = -d - 1. Let b(m) = 4*m - m**2 - 10 - 13*m + 9*m. Let i(j) = 5*a(j) - b(j). What is i(6)?
11
Let j(i) = i**2 - 19*i + 38. Let a be j(17). Suppose a*r - 10 = 2*w, -2*r + 3*w + 15 = -0*r. Let g(p) = -p**3 - p**2 + 33. What is g(r)?
33
Let n(f) = -f**3 + 6*f**2 - 3. Let q = -4 - -3. Let y(m) be the second derivative of m**4/2 - m. Let o be y(q). Calculate n(o).
-3
Let o(y) be the first derivative of y**3/3 + 15*y**2/2 + 22*y + 48. Give o(-13).
-4
Let r(o) = o**2 + 6*o - 5. Let n(c) = c**2 - 8*c - 20. Let m be n(10). Suppose m = -4*i - 30 + 10. Give r(i).
-10
Let a be 0/((-12)/4 - -6). Let n(c) = c**2 + c + 37. Give n(a).
37
Let f(p) = 9*p - 97. Let r(x) = -6*x + 67. Let o(m) = 5*f(m) + 7*r(m). Calculate o(5).
-1
Let p(d) = 6*d - 40. Let m(y) = -y + 3. Let x(c) = -5*m(c) - p(c). Give x(17).
8
Let h(p) be the first derivative of -p**4/12 + p**3/6 - p**2 - 1. Let r(i) be the second derivative of h(i). Let v be (-35)/5*-1 - 3. Give r(v).
-7
Let z(j) = -4*j**2 + j**2 - 3*j**2 + 4*j**2 + 4 - 5*j. Let r be 144/(-42) - 4/7. Determine z(r).
-8
Suppose 0 = -3*o - 88*z + 93*z - 11, 5*o = z - 55. Let r(x) = x**2 + 12*x - 4. Give r(o).
-4
Let r(j) = -j + 7. Let p = 26 + -28. Let f(g) = g**2 - 2*g - 1. Let b be f(p). Give r(b).
0
Let m(f) = f**2 - 7*f + 9. Let o(l) = 3*l - 9. Let h be o(5). Let w be m(h). Let s(g) = 0*g**3 + g**3 - 4*g**2 + 5 - 4 + 3*g. What is s(w)?
1
Let u(l) = -2*l**2 + l + 32. Let f(b) = 5. Let y(k) = 4*f(k) - u(k). Determine y(0).
-12
Let a(s) be the second derivative of s**4/12 - 2*s**3 + s**2/2 - 7*s. Let k be a(12). Let h(r) = -1 + 3 + k - 6*r. Determine h(2).
-9
Suppose 0 = -2*n - 0 - 2. Let j(x) = -4*x + 5. Let z(a) = 8*a - 9. Let g(i) = -7*j(i) - 4*z(i). Give g(n).
5
Let a(c) be the second derivative of c**3/6 + 5*c**2/2 - 69*c. Let z(y) = y - 1. Let q be z(1). Determi